9a6
Convert 1000101110011101010 (base 2) to base 8.
1056352
-2927751 (base 12) to base 2
-11111100010000101101101
What is -101000111001101000000 (base 2) in base 14?
-26c5c4
10011110011110011000100 (base 2) to base 14
992656
-4330321022 (base 5) to base 10
-9229512
Convert 1011011111101000101101 (base 2) to base 7.
34416511
What is -113105554 (base 7) in base 9?
-14077411
111001000000011100 (base 2) to base 16
3901c
447a3 (base 11) to base 4
33311100
100111010000011101011111 (base 2) to base 6
1004323411
-1021321102 (base 4) to base 2
-1001001111001010010
Convert 6c1532 (base 13) to base 10.
2573573
What is -362611 (base 9) in base 4?
-311111203
-11001011110000110 (base 2) to base 8
-313606
-40529 (base 10) to base 2
-1001111001010001
What is -2358964 (base 10) in base 6?
-122321044
Convert -1577b4b (base 13) to base 7.
-112440040
Convert 116314114 (base 7) to base 2.
11100000010000100001100
What is -7c3115 (base 13) in base 9?
-5483588
Convert 7ba27b (base 13) to base 8.
13145520
-1297824 (base 10) to base 11
-807090
What is -bbbb0 (base 13) in base 10?
-340340
Convert 219660 (base 15) to base 4.
12012322212
Convert -6020338 (base 9) to base 2.
-1100001101101111111110
What is -7b1dee (base 15) in base 16?
-59b4f0
Convert bb31a3 (base 12) to base 8.
13252113
What is -201625 (base 11) in base 4?
-1033021122
What is -1724106 (base 10) in base 9?
-3217023
31153015 (base 6) to base 7
10442633
Convert 1125565 (base 8) to base 11.
199a26
Convert 156b83 (base 12) to base 8.
1310023
Convert -3208166 (base 9) to base 8.
-6434172
-164656 (base 10) to base 16
-28330
What is -5354b5 (base 12) in base 3?
-2110211211102
Convert -598731 (base 13) to base 11.
-1227047
Convert 26b90 (base 12) to base 9.
81380
-10bb6c (base 14) to base 3
-1001222020202
What is -122021101021202 (base 3) in base 8?
-43011201
546401 (base 7) to base 16
17696
What is c56c1 (base 13) in base 16?
56a48
Convert -736183 (base 9) to base 8.
-1526464
What is 1e61e3 (base 15) in base 14?
2aa7db
Convert -1036166 (base 10) to base 12.
-41b772
Convert 21130121020 (base 4) to base 13.
688a62
-2211220444 (base 5) to base 4
-102101022022
-100010110110111110 (base 2) to base 4
-202312332
Convert -e3209 (base 15) to base 12.
-2a8346
82089 (base 15) to base 9
686883
What is 2862a81 (base 12) in base 11?
4627734
Convert 86465 (base 13) to base 11.
156160
a642e (base 15) to base 4
2000301110
What is 46631024 (base 7) in base 15?
5624d2
What is -6d183 (base 15) in base 14?
-90b53
Convert -11211011020 (base 3) to base 15.
-1d1a9
123300310 (base 5) to base 10
603205
10341110011 (base 5) to base 13
2447596
1011010100100000010 (base 2) to base 14
99282
What is -313033223 (base 4) in base 12?
-aab4b
832159 (base 11) to base 2
101000101111110001010
What is 102022213112 (base 4) in base 3?
22221221022222
Convert 24581 (base 16) to base 10.
148865
Convert 120220000210 (base 3) to base 6.
10411550
Convert 20353 (base 15) to base 10.
102003
Convert -20c19 (base 14) to base 10.
-79207
10110011000011001100100 (base 2) to base 9
12032138
Convert 33645314 (base 7) to base 11.
1725866
Convert 121a7b (base 12) to base 8.
1075277
Convert -8376658 (base 9) to base 15.
-5d73e5
-246625 (base 7) to base 9
-68474
-703602 (base 8) to base 15
-487ed
What is 4078316 (base 11) in base 3?
111112210012202
What is -310911 (base 10) in base 11?
-1a2657
What is 112012200111 (base 3) in base 12?
115a4a
2166340 (base 7) to base 12
10b634
-139b50 (base 12) to base 13
-b652c
Convert 51b16 (base 15) to base 14.
6a55a
What is 554288 (base 9) in base 3?
121211022222
4476a44 (base 11) to base 12
276236b
What is -277354 (base 10) in base 5?
-32333404
30693d (base 15) to base 10
2300458
314c28 (base 14) to base 15
22d61c
58083 (base 11) to base 6
1444344
Convert 2112313013 (base 4) to base 6.
21124435
Convert -4ab12b (base 13) to base 15.
-256d70
Convert -1f02a (base 16) to base 14.
-3440a
-1589518 (base 10) to base 13
-438658
Convert 30623601 (base 7) to base 11.
1500650
Convert 14874064 (base 10) to base 9.
30880337
-82c395 (base 13) to base 16
-2e9b7b
Convert 245125554 (base 6) to base 13.
c95224
-11a46c8 (base 14) to base 5
-4131320343
Convert 7d7b1c (base 14) to base 9.
8051620
What is -411502 (base 12) in base 13?
-298793
Convert -1533d3 (base 16) to base 4.
-11103033103
273b44 (base 12) to base 5
131242021
1111000000100001010111 (base 2) to base 15
52aab5
-3333142 (base 8) to base 16
-db662
What is -92a49 (base 12) in base 2?
-101110110001011001
12708063 (base 9) to base 10
6265083
2155231 (base 6) to base 5
11434424
Convert 322113003 (base 4) to base 7.
2013630
What is 10623247 (base 8) in base 9?
4301016
What is -2990614 (base 10) in base 7?
-34263664
-19023 (base 15) to base 12
-3aa89
What is 11011101011100010111 (base 2) in base 15?
12db3b
Convert 415545 (base 8) to base 2.
100001101101100101
Convert a0442 (base 12) to base 15.
4195b
What is -45122125 (base 7) in base 5?
-1444423110
20112021221112 (base 3) to base 8
15171260
Convert -1111100001100 (base 2) to base 15.
-254d
222012220032 (base 4) to base 8
52065016
What is -3311564 (base 7) in base 12?
-17722b
What is 21232214 (base 5) in base 3?
100011100010
-100110111111011111100101 (base 2) to base 13
-216b665
What is -10462683 (base 9) in base 15?
-69e650
What is 34745b (base 13) in base 2?
100101111110001011110
-1530135 (base 8) to base 5
-103011430
What is -656471 (base 8) in base 15?
-454d3
Convert -32570 (base 15) to base 10.
-159855
Convert b2c6 (base 14) to base 11.
21115
What is -178530 (base 11) in base 3?
-111221222200
What is 59127a (base 11) in base 10?
938684
102111210120 (base 3) to base 4
313110030
What is -413531340 (base 6) in base 13?
-16459cb
Convert -7cca (base 13) to base 6.
-213205
What is -4242724 (base 8) in base 9?
-2114714
Convert -132254445 (base 6) to base 14.
-4c87db
475057 (base 8) to base 13
58b87
-121022022011122 (base 3) to base 15
-b62ca2
What is 948684 (base 10) in base 6?
32200020
Convert -111000101010111110 (base 2) to base 11.
-149444
Convert 20460 (base 15) to base 13.
376c8
320310044 (base 5) to base 12
546485
4513353 (base 6) to base 13
7c78b
What is 27765 (base 12) in base 3?
2202222012
Convert 333201102 (base 4) to base 10.
260178
-1112200200 (base 3) to base 12
-15709
Convert -7233471 (base 8) to base 4.
-13103130321
10100100101111011011 (base 2) to base 6
22243551
Convert -83c8 (base 16) to base 9.
-51244
-573ab (base 12) to base 7
-663116
What is -6f3ec8 (base 16) in base 8?
-33637310
913a4 (base 11) to base 8
404711
-904a7 (base 12) to base 15
-3a787
What is -14302433 (base 7) in base 12?
-54a762
What is 4210210 (base 7) in base 12?
2052a4
What is 1571 (base 12) in base 10?
2533
What is 103023121 (base 4) in base 11?
54022
What is -13ca617 (base 13) in base 15?
-848884
Convert -1083082 (base 9) to base 16.
-8f1ce
122206 (base 8) to base 4
22102012
Convert -785683 (base 10) to base 2.
-10111111110100010011
Convert -11001222220000 (base 3) to base 11.
-12496a7
What is 3252451 (base 6) in base 14?
4338b
10a46 (base 13) to base 8
73145
3043237 (base 9) to base 16
18c3a6
93403 (base 16) to base 14
119b35
What is 156389 (base 13) in base 7?
4326032
24115045 (base 6) to base 14
159a85
2200001222 (base 3) to base 7
306116
2048 (base 11) to base 3
10201112
What is -1c9c83 (base 13) in base 16?
-b3abd
Convert -2a6bd9 (base 14) to base 11.
-91a9aa
11121444 (base 5) to base 14
27bca
Convert -1878233 (base 9) to base 15.
-15cc59
Convert 142daf (base 16) to base 2.
101000010110110101111
What is -300212113 (base 4) in base 7?
-1456234
91259 (base 11) to base 4
200210132
What is -1193a37 (base 11) in base 6?
-112205332
-3bc201 (base 13) to base 8
-5431241
What is -14001364 (base 7) in base 10?
-1294675
Convert -202003102 (base 5) to base 16.
-c6766
What is -70505 (base 8) in base 11?
-1a871
Convert 45539b (base 12) to base 5.
240430244
-111110000101111110 (base 2) to base 11
-1640a3
Convert 1111311122 (base 4) to base 12.
14b562
101001011010100111 (base 2) to base 10
169639
Convert -1322663 (base 7) to base 4.
-222131021
What is -10110000200002 (base 3) in base 11?
-1040732
Convert -3889a (base 11) to base 15.
-1174d
ed818 (base 15) to base 4
2320030100
What is 7600036 (base 10) in base 8?
34773644
101011101111010010010100 (base 2) to base 14